 39 is divided by l?
9
Suppose -5*y = -4*q - 220, 3*q + 19 - 4 = 0. Suppose 0*w - y = -5*w. Let x = w + 2. Calculate the remainder when 19 is divided by x.
9
Suppose 90 + 10 = 4*k. Let v(s) = s - 5 + 11 + 6*s**2 + 1 - s**3. What is the remainder when k is divided by v(6)?
12
Let b(y) = 1. Let o(d) = -2*d - 2. Let l(a) = -6*b(a) - o(a). Let f be l(3). Suppose -f*k + 85 = 3*k. What is the remainder when 65 is divided by k?
14
Suppose 34*y - 5868 = 16*y. What is the remainder when y is divided by 63?
11
Calculate the remainder when 205 is divided by (0 + 222/9)*171/38.
94
Let g = 637 + -262. Calculate the remainder when g is divided by 6.
3
Let m = 36 + 19. Suppose 3*l + 5*k = 9 - 3, 3*k = 5*l - 44. What is the remainder when m is divided by l?
6
Let y(z) = z**3 - 2*z**2 + 11*z + 7. Calculate the remainder when 89 is divided by y(0).
5
Let z be 2/2 - (1 + 1)/2. Suppose 0 = 2*h - z - 24. Calculate the remainder when 8/(-20) - (-177)/5 is divided by h.
11
Suppose 4*d - 8*d = -48. Let j be d + -19 - (-4)/1. Calculate the remainder when 83 is divided by -3 - (-26 + j/(-3)).
17
Suppose 5*p + 47 = -v, p + 2*v - 3*v = -13. Let g = 45 + p. What is the remainder when g is divided by 4?
3
Let q(j) = 25*j**3 + 2*j**2 - 1. What is the remainder when ((-6)/(-18))/((-8052)/1611 + 5) is divided by q(1)?
23
Let l(f) = f + 13. Suppose 0 = s + s + 2. Let o be s*1*27/(-3). Calculate the remainder when 86 is divided by l(o).
20
Suppose -3*g - 4*t - 12 + 10 = 0, 4*g + 2*t - 14 = 0. Suppose 0 = j + j - 22. What is the remainder when j is divided by g?
5
Let m = -173 - -320. Calculate the remainder when m is divided by 51.
45
Suppose 3*d - 2*d = 5. Let w(k) = k + 9. Let f be w(-7). Suppose 2*b - 2*n - 16 = 0, 0 = 3*b - f*n + n - 24. Calculate the remainder when b is divided by d.
3
What is the remainder when (-15)/(-6) - (3231/(-6))/3 is divided by 46?
44
Let y = -399 - -284. Let o = y + 185. Calculate the remainder when o is divided by 18.
16
Suppose -4*j = -173 - 19. Let b = j - 39. Suppose -85 = -3*o + 4*g, -2*g = o - 0*g - 45. Calculate the remainder when o is divided by b.
8
Let n be (-60)/(-35)*(-14)/(-4). Let b(f) = f**3 + 7*f**2 - 8*f + 3. What is the remainder when 4/n - (-28)/3 is divided by b(-8)?
1
Let u = 52 - -8. Suppose u = 2*d + 2*d. What is the remainder when 63 is divided by (-100)/d*24/(-10)?
15
Suppose -2*m + 122 + 144 = 0. Let a = m + -65. Suppose -109 = -5*v + 6. Calculate the remainder when a is divided by v.
22
Let q(f) = f**3 + 4*f**2 + f + 5. Let n be q(-6). Let a = n - -118. Suppose -22 + 2 = -b - 4*s, -4*s = 3*b - 44. What is the remainder when a is divided by b?
9
What is the remainder when 1/2 - 267/(-6) is divided by (26 - 2)/3 - 0?
5
Suppose 0 = 5*c - 4 - 16. Suppose -3*k - 2*k - 337 = -3*h, c*h - 2*k = 454. What is the remainder when h is divided by 23?
22
Suppose 5*g - 25 = 0, u + 4*g - 14 = 3*u. What is the remainder when 5 is divided by (-2)/(-1 + u) + 3?
1
Let o be 64/14 - 24/42. Suppose -48 = -o*w + 32. Suppose -3*k + k = -w. Calculate the remainder when 39 is divided by k.
9
Let k = 0 + 6. Let g = -124 - -147. Calculate the remainder when 3/k + g/2 is divided by 5.
2
Suppose -52*s - 66 = -58*s. What is the remainder when 162 is divided by s?
8
Suppose 0 = 5*u - c - 48, u + 4*c + 42 = 6*u. Suppose -r + 0*r + u = 0. What is the remainder when 19 is divided by r?
9
Let d = 1103 - 573. Calculate the remainder when d is divided by 14.
12
Let m(r) = 5*r - 3. Let j = 10 + -5. Suppose -n + 5*l = l - 28, -n + 24 = -3*l. Calculate the remainder when m(j) is divided by n.
10
Suppose -10*a + 234 + 106 = 0. Calculate the remainder when a is divided by 9.
7
Let y(h) = 3*h - 7. Let t(m) = -m + 14. Let d(k) = -k**2 + 11*k - 10. Let s be d(10). What is the remainder when t(s) is divided by y(5)?
6
Let i be 40/(-4 + 9) - 3. Suppose -4*o - 2*f + 92 = -4*f, -i*f = 4*o - 120. Calculate the remainder when (-73)/4*(-2 - 2) is divided by o.
23
Suppose -1696*g - 6 = -1699*g. Suppose 3 - 5 = -d. What is the remainder when g is divided by d?
0
Suppose -4*q + 100 = 5*a + q, 0 = 2*a + 3*q - 43. Suppose -7*i = -a*i + 90. What is the remainder when i is divided by 5?
4
Let o(a) = a**3 + 4*a**2 - 4*a + 2. Suppose 64*l - 71*l = -217. What is the remainder when l is divided by o(-4)?
13
Let x(y) = -13*y + 2. Suppose 3*g - 12 = 0, 2*r + 2*g - 16 = -2*g. Suppose r = -4*q - 2*q + 84. Calculate the remainder when x(-4) is divided by q.
12
Let x = -34 + 74. Suppose -8*u + 6*u = -5*u. Suppose u = -0*s - 5*s + x. What is the remainder when 14 is divided by s?
6
Let m(j) = j**2 - 9*j + 12. Let f be m(8). Suppose 0 = -f*c + c + 39. Let b = c - -7. What is the remainder when 59 is divided by b?
19
Let a(g) = g**3 - 7*g**2 + 10*g + 2. Let d be a(5). Suppose d*o - 2*h - 53 = 53, -2*o - 4*h = -100. Calculate the remainder when o is divided by 11.
8
Let i = -28 + 12. Suppose 0*h + 2*h - 52 = -3*n, 4*n + 4*h - 76 = 0. What is the remainder when n is divided by 204/26 + i/(-104)?
6
Let t = -53 + 101. What is the remainder when (-1119)/(-12) + 35/20 is divided by t?
47
Let v(p) be the first derivative of 5*p**2 + 6*p - 1/3*p**3 - 8. Calculate the remainder when v(8) is divided by 6.
4
Let f(g) = 2*g**2 + 111*g - 55. Calculate the remainder when f(-58) is divided by 13.
1
Let l(n) = -10*n - 66. Calculate the remainder when l(-8) is divided by 4.
2
Suppose -2*b - 2*b = -440. Suppose 11*r = 7*r + 152. What is the remainder when b is divided by r?
34
Suppose 0 = -3*w + 19 - 7. Suppose -8 = -w*r + 36. Calculate the remainder when 21 is divided by r.
10
Suppose 6*l + 693 - 1377 = 0. Calculate the remainder when 237 is divided by l.
9
Suppose -238 = -3*w + 5. Calculate the remainder when w is divided by 0 + -1 - (-40 + -2).
40
Let j(o) = 6*o - 1. Suppose -t + 14 = 2*d, -3 + 15 = t + 4*d. What is the remainder when j(8) is divided by t?
15
Let t(g) = 38*g**3 + g + 4. Let k(d) = -13*d**3 - 1. Let j(v) = 7*k(v) + 2*t(v). Calculate the remainder when (25 + (3 - 1))*1 is divided by j(-1).
13
Let g = 20 - 18. Suppose 3*c = -5*d + 43, -g*c + d + 17 = 2*d. What is the remainder when 20 is divided by c?
2
Let p(w) = -w**3 + 9*w**2 + 18. Let h = 139 - 130. Let g(b) = -16*b + 5. Calculate the remainder when g(-4) is divided by p(h).
15
Let w be (-12)/(-21)*42/12. Suppose 66 = 4*l + w*z, -5*l - 2*z = -12 - 70. What is the remainder when 31 is divided by l?
15
Let q(z) = 8*z - 1. Let h be q(5). Let g(w) = w**2 - 4*w + 7. Calculate the remainder when g(7) is divided by 4*(h/6 - 4).
8
Suppose 3*g + 18 = 6*g. Let x = 12 - 2. Calculate the remainder when x is divided by g.
4
Let q(n) = -n + 88. Calculate the remainder when q(-40) is divided by 40.
8
Let w(u) = -6*u**3 - 18*u**2 - 4*u - 16. What is the remainder when 347 is divided by w(-4)?
59
Let f(j) = j**3 - 11*j**2 + 11*j + 8. Let s = 7 + -5. Suppose 3*h = w - 45, s*h - 123 - 136 = -5*w. Calculate the remainder when w is divided by f(10).
15
Let l(u) = 137*u + 1. Let d be l(1). Let x be d/30 - 2/(-5). Suppose 5*j = -2*h + 83 - 20, -59 = -x*j - h. What is the remainder when 32 is divided by j?
10
What is the remainder when ((-12)/24)/((-3)/474) is divided by 54?
25
Let a(w) = 116*w**2 - 547*w - 6. Calculate the remainder when a(5) is divided by 34.
23
Let s = -216 - -227. Calculate the remainder when 163 is divided by s.
9
Let f(i) = -65*i + 3. Let q be f(-5). Let y = -315 - -320. Suppose y*m = m + q. What is the remainder when m is divided by 21?
19
Let o(d) be the first derivative of d**3/3 - d**2 + 14*d + 29. Calculate the remainder when o(6) is divided by 14.
10
Suppose -3*c - 2*x = 16, 0 = -c - 5*x - 8 - 6. Let j be (-2 + c/(-3))*75. What is the remainder when j/(-4) + (-3)/6 is divided by 7?
5
Let z(y) = 6*y - 476. Let j = -72 - -153. What is the remainder when j is divided by z(84)?
25
Let c(a) = a**2 + 20*a - 16. Let u be c(-21). Suppose -5*q - 4*k = -6*k - 105, -90 = -5*q + u*k. What is the remainder when 90 is divided by q?
21
Let a(w) = w - 10. Let m be a(8). Calculate the remainder when (-190)/(-4) - m/(-4) is divided by (0 + (-8)/(-20))*(-850)/(-20).
13
Let o(m) = -3*m**3 - 6*m + 6. Let u(k) = -4*k**3 + k**2 - 7*k + 7. Let l(c) = 6*o(c) - 5*u(c). What is the remainder when 17 is divided by l(3)?
3
Suppose 0 = 1211*c - 1206*c - 65. Ca